e d(-267).
401
Let b(x) = -51*x**2 - 2933*x + 1424. What is b(-58)?
-26
Let t(n) = -384*n + 3214. Calculate t(19).
-4082
Let n(i) = 2*i**3 + 70*i**2 + 46*i + 1663. Give n(-35).
53
Let c(w) = -4292*w - 17175. Give c(-4).
-7
Let l(t) = -t**3 + 13*t**2 + 1564*t - 12541. Determine l(8).
291
Let r(t) = t**2 + 2216*t - 822974. Give r(324).
-14
Let c(n) = n**3 - 35*n**2 + 105*n - 169. Calculate c(32).
119
Let c(v) = 2660*v - 30658. What is c(13)?
3922
Let m(o) = 158*o - 28311. Calculate m(186).
1077
Let b(t) = -24*t**2 - 494*t + 2362. Determine b(4).
2
Let p(y) = 12*y**2 - 654*y - 93079. What is p(-65)?
131
Let s(y) = 165369*y - 1157590. Calculate s(7).
-7
Let i(g) = 1013023*g + 2026053. Calculate i(-2).
7
Let p(s) = 3652*s - 54767. Calculate p(15).
13
Let x(s) = -s**2 - 14581*s + 131179. What is x(9)?
-131
Let b(s) = 100*s - 9380. Determine b(93).
-80
Let j(z) = -z**2 - 196*z + 171. What is j(-162)?
5679
Let d(b) = 2*b**2 + 901*b + 29804. Determine d(-36).
-40
Let s(t) = -2*t**2 - 139*t + 1061. Give s(7).
-10
Let s(y) = -4*y**2 - 2484*y - 4. What is s(-621)?
-4
Let m(f) = f**3 - 30*f**2 + 4611*f - 161409. Calculate m(34).
-11
Let r(n) = n**2 - 182*n - 49328. Determine r(-149).
-9
Let n(t) = t**3 + 11*t**2 + 78*t + 1156. Give n(-12).
76
Let d(g) = -30249*g + 241994. Determine d(8).
2
Let q(k) = k**3 - 869*k**2 + 72*k - 62495. What is q(869)?
73
Let y(v) = 20*v**2 + 316*v - 50. Calculate y(-16).
14
Let m(k) = 8*k**3 + 4660*k**2 + 2309*k - 11063. Determine m(-582).
-5
Let h(r) = 2*r**3 + 372*r**2 - 493*r - 22177. Determine h(-187).
76
Let s(y) = -5045*y + 95826. Give s(19).
-29
Let x(o) = 36*o**2 - 4038*o - 100687. What is x(-21)?
-13
Let a(o) = -139*o - 703. What is a(5)?
-1398
Let y(w) = -w**3 + 971*w + 82. Calculate y(-31).
-228
Let p(l) = 2*l**3 + 8*l**2 + 2*l - 85. Determine p(-8).
-613
Let r(s) = s**2 + 2043*s - 433. What is r(0)?
-433
Let t(b) = -6*b**3 + 792*b**2 - 5*b + 142. Calculate t(132).
-518
Let i(x) = -2*x**2 - 151*x - 596. Determine i(-70).
174
Let q(h) = 7*h**2 + 2745*h + 428. Give q(-392).
36
Let f(m) = -m**3 + 43*m**2 + 103*m + 1361. What is f(46)?
-249
Let w(u) = 204*u**2 - 87*u + 180. Determine w(2).
822
Let v(h) = 3*h**2 + 492*h - 2575. What is v(5)?
-40
Let p(u) = -u**3 - 81*u**2 - 234*u - 106. Determine p(-78).
-106
Let l(a) = 18*a**2 + 2447*a - 72. Determine l(-136).
64
Let j(u) = -5198*u - 8836604. Calculate j(-1700).
-4
Let w(l) = -4*l**2 - 482*l - 2361. Calculate w(-5).
-51
Let f(p) = 10*p**2 + 7350*p + 7351. What is f(-1)?
11
Let n(k) = -44933*k + 314455. Give n(7).
-76
Let t(s) = -1602*s + 44870. Determine t(28).
14
Let k(f) = 10*f**3 - 81*f**2 + 11*f - 13. Determine k(8).
11
Let u(i) = -i**2 - 1337*i + 129921. Determine u(91).
-27
Let t(k) = 5*k**2 + 425*k - 1776. Calculate t(-89).
4
Let r(t) = 18*t**2 + 2619*t + 1240. Calculate r(-145).
-65
Let w(i) = 666*i - 121873. Give w(183).
5
Let v(a) = -37*a + 919. What is v(26)?
-43
Let i(c) = 1628*c + 42297. Calculate i(-26).
-31
Let q(l) = 11077*l + 121839. Calculate q(-11).
-8
Let c(r) = r**3 + 27*r**2 + 104*r + 528. Calculate c(-19).
1440
Let p(q) = 116*q + 11262. Give p(-106).
-1034
Let q(n) = 25*n**2 - 839*n - 27564. Give q(54).
30
Let s(f) = -12*f**2 - 277*f - 223. Calculate s(-22).
63
Let l(i) = 37*i**3 - 70*i**2 - 283*i - 239. What is l(-3)?
-1019
Let z(m) = -m**3 + m**2 + 53*m - 218. What is z(6)?
-80
Let s(k) = 20*k - 554. Determine s(-26).
-1074
Let i(o) = 1525931*o - 9155582. What is i(6)?
4
Let g(k) = k**3 + 70*k**2 + 1106*k - 1479. Determine g(-27).
6
Let o(d) = -7385*d + 59132. Give o(8).
52
Let w(k) = -517*k**3 + 72*k**2 - 72*k - 1. Calculate w(1).
-518
Let f(b) = 3*b**3 - 89*b**2 + 203*b + 376. Calculate f(27).
25
Let g(k) = -k**2 - 37087*k - 296617. Determine g(-8).
15
Let b(d) = -245278*d - 245259. Give b(-1).
19
Let k(w) = -1294*w - 45270. Determine k(-35).
20
Let n(g) = -64*g**2 - 10*g - 2. What is n(-4)?
-986
Let q(s) = -9*s**2 - 295*s + 7399. Calculate q(17).
-217
Let j(t) = -2*t**2 + 25478*t + 2386778. Give j(-93).
26
Let b(f) = 2*f**2 + 818*f - 9016. What is b(10)?
-636
Let p(q) = q**3 - 606*q**2 - 4305*q + 14. Calculate p(-7).
112
Let i(p) = 6*p**2 - 7325*p + 14647. Determine i(2).
21
Let x(c) = 6858*c - 1165845. Give x(170).
15
Let n(w) = -428*w + 16260. Give n(38).
-4
Let y(m) = 9228*m - 55126. Give y(6).
242
Let n(v) = 140*v**2 + 4362*v + 671. Give n(-31).
-11
Let g(o) = 25*o**2 - 2676*o + 135. What is g(107)?
28
Let f(h) = 109897*h + 10879786. Calculate f(-99).
-17
Let d(g) = -4*g**3 - 76*g**2 + 50*g + 100. Give d(-19).
-850
Let w(y) = -12*y**3 + 89*y**2 + 107*y - 427. Calculate w(8).
-19
Let k(w) = w**3 + 343*w**2 + 2173*w + 50897. Calculate k(-337).
10
Let u(s) = 6*s**2 + 43*s + 491. What is u(-11)?
744
Let t(g) = 8*g + 439. Calculate t(-20).
279
Let r(h) = -h**2 + 82*h + 2235. Calculate r(-31).
-1268
Let l(j) = 4684*j - 37486. What is l(8)?
-14
Let d(p) = -4621*p - 309607. Give d(-67).
0
Let d(v) = 388*v - 17339. Give d(45).
121
Let f(q) = 5*q**2 - 121*q - 53. Calculate f(26).
181
Let k(v) = -2*v**2 + 2907*v - 161893. Calculate k(58).
-15
Let d(y) = 2*y**3 + 24*y**2 - 685*y - 8578. Give d(-13).
-11
Let f(v) = -5*v**2 + 2503*v - 17513. What is f(7)?
-237
Let t(r) = -4*r**3 + 22*r**2 - 10*r - 49. What is t(4)?
7
Let v(p) = -4154*p - 4239. What is v(-1)?
-85
Let m(t) = t**2 + 261469*t - 3660768. Determine m(14).
-6
Let u(j) = -359*j**2 - 2948*j - 8844. Determine u(-3).
-3231
Let g(q) = 5*q**2 - 7179*q - 21. Give g(0).
-21
Let k(u) = -53*u**2 - 417*u + 887. Calculate k(2).
-159
Let f(p) = p**3 + 717*p**2 - 1443*p - 3584. What is f(-719)?
11
Let v(b) = -20921*b - 16590360. Give v(-793).
-7
Let g(h) = h**3 + 319*h**2 + 2669*h - 9. Calculate g(-9).
1080
Let h(j) = -124108*j - 620494. Determine h(-5).
46
Let x(u) = -615*u**2 - 73184*u + 136. What is x(-119)?
17
Let x(d) = -d**2 + 903*d - 203387. Determine x(431).
45
Let r(q) = -49*q**3 - 389*q**2 + 2*q - 190. Give r(-8).
-14
Let u(f) = -f**3 + 46*f**2 + 85*f + 9. Determine u(48).
-519
Let y(k) = -k**2 + 369*k - 30105. Calculate y(121).
-97
Let l(u) = 9*u**3 + 149*u**2 - 12*u + 35. Give l(-17).
-917
Let y(c) = 106*c**3 + 2119*c**2 + c + 431. What is y(-20)?
11
Let n(p) = -258626*p - 1034494. What is n(-4)?
10
Let i(l) = -2*l**2 - 196*l - 2865. Calculate i(-80).
15
Let s(w) = -4*w**3 - 461*w**2 - 128*w - 1488. Determine s(-115).
7
Let x(s) = 2*s**2 + 576*s + 12219. Determine x(-265).
29
Let w(n) = 2*n**3 + 593*n**2 - 2*n - 6. Give w(0).
-6
Let s(d) = -5*d**2 + 36*d - 273. What is s(-13)?
-1586
Let h(q) = -q**3 + 101*q**2 + 6193*q - 112. Calculate h(144).
32
Let f(w) = w**2 - 1753*w - 46107. Determine f(-26).
147
Let z(l) = l**2 + 4227*l + 100864. Calculate z(-24).
-8
Let y(m) = -23190*m + 185652. Give y(8).
132
Let r(c) = -5238*c - 156889. Give r(-30).
251
Let i(v) = -4*v**2 + 165*v - 1975. What is i(31)?
-704
Let x(k) = -20*k**2 + 723*k - 1452. What is x(34)?
10
Let l(b) = -6*b**3 + 638*b**2 - 222*b + 536. Give l(106).
-524
Let w(m) = -5*m**3 - 3*m**2 + 1171*m + 2342. Determine w(-2).
28
Let y(f) = -16*f**2 - 163*f - 453. Give y(-11).
-596
Let m(z) = -z**3 - 45*z**2 - 2*z + 2098. Give m(-44).
250
Let p(f) = -260*f**2 - 41080*f - 150. What is p(-158)?
-150
Let w(f) = -12*f**3 + 165*f**2 + 4294*f - 42. Give w(27).
-15
Let o(v) = -v**3 - 10*v**2 - 17978*v - 143687. Determine o(-8).
9
Let p(o) = 4659*o + 363414. Calculate p(-78).
12
Let r(k) = -1019*k - 3949. What is r(-6)?
2165
Let w(s) = 5*s**3 + 4*s**2 - 1806*s - 14451. Give w(-8).
-2307
Let w(q) = q**2 + 86388*q + 1036498. Calculate w(-12).
-14
Let i(g) = -g**3 - 80*g**2 - 1227*g + 3615. What is i(-25)?
-85
Let d(r) = -4*r**3 + 35*r**2 - 29*r + 163. Give d(8).
123
Let y(x) = -2*x**3 + 10*x**2 - 30*x + 449. Determine y(10).
-851
Let j(i) = -30*i**2 - 235*i + 29. Determine j(-8).
-11
Let n(h) = -975*h**2 + 174*h - 177. Determine n(1).
-978
Let i(b) = -1265*b - 39258. What is i(-31)?
-43
Let r(f) = -289*f**2 - 1409*f + 27. Calculate r(-5).
-153
Let o(v) = -v**3 - 36*v**2 - 249*v + 272. Determine o(-26).
-14
Let v(r) = r**2 - 103*r - 635. Calculate v(115).
745
Let q(l) = 10270*l + 308086. What is q(-30)?
-14
Let i(x) = -5*x**2 + 970*x + 3903. Give i(-4).
-57
Let l(b) = 10*b**3 - 58*b**2 + 51*b + 21. What is l(6)?
399
Let x(l) = 177*l - 14865. Determine 